s + 71. What is the remainder when s is divided by 9?
2
Let s(q) = 2*q + 40. Suppose -2*t - 6932 = 5*u, 0 = -3*u + 4*t - 2759 - 1395. Calculate the remainder when (-1 - u/(-27))/((-1)/3) is divided by s(0).
37
Suppose 1735 = 2*x + 1565. Calculate the remainder when 121 is divided by x.
36
Let c = 321 + -178. Suppose 13*q - c = 533. Calculate the remainder when q is divided by 20.
12
Let a(h) = -16*h. Let k be a(-1). Suppose 17*c - k = 15*c. Suppose 0 = -4*y - 27 + 111. What is the remainder when y is divided by c?
5
Let x(g) = -g**3 - 20*g**2 + 17*g - 38. Suppose -5*v + 4*f + 45 = 146, -v - 2*f - 23 = 0. Calculate the remainder when 365 is divided by x(v).
43
Suppose 111 = 4*j - 3*y, -19*j + y = -16*j - 87. Calculate the remainder when 373 is divided by j.
13
Let q(c) = 30*c**2 - 4*c - 3. Suppose 122 = -j + m + 143, 0 = 4*j - 5*m - 74. What is the remainder when q(6) is divided by j?
30
Suppose -7*q + 226 = -75. Let w = q + -19. Calculate the remainder when w is divided by (-1 - 36/(-8))/(6/12).
3
Let o be -2*35/(-2) + (-23 - -23). Suppose 339*s - 332*s = o. Calculate the remainder when 28 is divided by s.
3
Let u(d) = 1265*d + 8868. Calculate the remainder when 583 is divided by u(-7).
11
Suppose 5*j - 735 = m, -3*j - 174*m + 441 = -169*m. Calculate the remainder when 2936 is divided by j.
143
Let z be -1 - (-2 + -2*438/12). Suppose 4*a - z = -2*d, -68 = -4*a - 9*d + 5*d. Calculate the remainder when (-14)/(15/(-7) + 2) is divided by a.
18
Let j(w) = -6*w**3 - 3*w**2 + w - 28. What is the remainder when j(-6) is divided by 193?
189
What is the remainder when 491 is divided by 5 + 56/(-10) + 1480/50?
27
Suppose -b + 368 = 22*b. Calculate the remainder when (b/24)/(1 + (-1105)/1107) is divided by 10.
9
Suppose -46976 = -75*z + 13549. What is the remainder when z is divided by 19?
9
Let q(j) = -6*j + 5. Suppose 86*k - 566*k + 2418 = -77*k. What is the remainder when q(-7) is divided by k?
5
Suppose -8*v + 3*n + 38 = -7*v, -5*n - 77 = -2*v. Calculate the remainder when 1145 is divided by v.
38
Let t = 16 + -4. What is the remainder when (-18)/120*-5 + (-687)/(-12) is divided by t?
10
Suppose -3*b = 20 - 86. Let o(p) = -4*p**2 - 56*p + 12365. What is the remainder when b is divided by o(49)?
5
Suppose -28*h - 49 + 469 = 0. Calculate the remainder when 179 is divided by ((-276)/h)/((-60)/150).
41
Let j = 61 + -56. Suppose -j*z - 123 = -8*z. Suppose -3*k - q = -136, -z = -2*k - q + 49. What is the remainder when k is divided by 8?
6
Let l = -6870 + 6888. Let k = 1 - 1. Suppose k = t + o - 69, 4*t - 3*o = 6*t - 141. Calculate the remainder when t is divided by l.
12
What is the remainder when 5437 is divided by 2*1 - (-11 + (-408)/(-18))*-3?
35
Let r(b) = b**3 + 11*b**2 - b - 43. Let w be r(-11). What is the remainder when 499 + 1*w/(-4) is divided by 17?
14
Let h(v) = 117*v + 3835. What is the remainder when h(-21) is divided by 294?
202
Let y(x) = 2*x**2 - 12*x + 5. Let l be y(6). Suppose a = r + 34, -l*a + 0*r + 174 = -r. What is the remainder when a is divided by 12?
11
Let b(l) = -156*l - 469. Let q be b(-3). Let a = -188 + 134. What is the remainder when 134 is divided by ((q - 5)*a/(-12))/(-1)?
26
Let o(v) = 5*v**2 - 7*v - 7. Let u = 212 + -209. Calculate the remainder when 127 is divided by o(u).
8
Suppose -20*t = -25*t + 185. Suppose 1 + 9 = -5*r, 4*k - 5*r - 94 = 0. Calculate the remainder when t is divided by k.
16
Suppose 4*j - 264 = -64. Suppose 5*l = -0*l + j. Suppose l*p = 4*p + 1134. Calculate the remainder when p is divided by 48.
45
What is the remainder when 418 is divided by 211 + ((-175)/(-7))/5*-1?
6
Let m be (3/6)/((-3)/(-18)). Suppose 4*r + i - 159 = 0, -4*r - m*i + 6*i + 163 = 0. Calculate the remainder when 77 is divided by r.
37
Let r = 29011 - 28949. Calculate the remainder when r is divided by 0 + 1 + 1 + 14.
14
Let v = -21870 + 21960. Let c(w) = 8*w**2 + 4*w + 2. What is the remainder when v is divided by c(-2)?
12
Let z = -797 - -896. Calculate the remainder when z is divided by 53.
46
Let m be (-2)/(-4)*0/2. Suppose -2*y - 21 = -g - 5, -g + 5*y + 16 = m. Suppose 894*j = 883*j + 682. Calculate the remainder when j is divided by g.
14
Let o(i) = 0*i + i**2 + 5*i**2 + 1 + 2*i + i**3. What is the remainder when 44/(-19 + 8) - (-103)/1 is divided by o(-4)?
24
Let i = -212 - -70. Let v = -69 - i. What is the remainder when v is divided by 7?
3
Suppose -2*b + d + 81 = 0, -b - d + 22 + 17 = 0. What is the remainder when ((-48)/26 - (-56)/(-364)) + 58 is divided by b?
16
Suppose 0 = -4*k - 25 + 37. Suppose -7*s = -k*s + 168. Let a = s + 79. Calculate the remainder when a is divided by 13.
11
Let r = -1196 + 1537. Calculate the remainder when r is divided by 43.
40
Let q = 24 - 10. Let u(g) be the first derivative of -5*g**4/4 + g**3/3 + 2*g**2 + 5*g - 20. What is the remainder when u(-2) is divided by q?
13
Let c(u) = -u**3 + 31*u**2 - 5*u - 1503. What is the remainder when 3246 is divided by c(29)?
16
Calculate the remainder when 16 + 1600 + 1 + (-15)/(-5) is divided by 328.
308
Let h = 19 - 16. Suppose -4*i + h*c + 11 = -0*c, 0 = i + 4*c - 17. Suppose 2*y - 70 = -i*y. What is the remainder when y is divided by 8?
2
Suppose 2*i + 5*h - 23 = 10*h, 4*h + 45 = 3*i. Let n be ((-3)/3)/((-1)/(-2)). Let u(d) = -6*d - 1. What is the remainder when i is divided by u(n)?
8
Let u = -744 + 1185. What is the remainder when u is divided by 26?
25
Let d(m) = 2*m**2 - 15*m - 100. Let z = -775 + 788. What is the remainder when 180 is divided by d(z)?
8
Let o(p) = -p**2 - 17*p - 27. Let j be o(-13). Let k = 59 - j. Suppose -l + 1 + 0 = 0, 2*g = -4*l + k. Calculate the remainder when g is divided by 8.
7
Suppose -24 = -l + d, -2*l - d - 2 = -47. Suppose 0 = 3*f - 13 - l. Calculate the remainder when (6 - 6)/(4/(-2)) - -22 is divided by f.
10
Let f(r) = 34*r**2 + 2*r + 3. Calculate the remainder when 162/(-108) - (-487)/2 is divided by f(-1).
32
Let b = -44 - -49. Suppose -2*h = -3*r - 96, 5*h + 2*r = b*r + 222. Suppose h + 91 = 7*d. What is the remainder when 56 is divided by d?
18
Let a(d) = -d**3 + 17*d**2 - 27*d + 6. Let h be a(12). Let o = 411 - h. Calculate the remainder when 15 is divided by o.
6
Let z be (-315)/(-36) + 12/(-16). Calculate the remainder when 268 is divided by (-504)/(-15) + z/20.
30
Suppose -2662*u = -2*f - 2657*u + 2726, 4*u = -f + 1363. Calculate the remainder when f is divided by 4.
3
Calculate the remainder when 1665 is divided by (1/2)/((-20)/20) - (-3279)/6.
27
What is the remainder when (15/35 - (-2)/(-21))*0 + 984 is divided by 32?
24
Let f = -369 - -468. Suppose -10*o + f - 9 = 0. Let h = -8 - -47. Calculate the remainder when h is divided by o.
3
Let m be (-3)/(-8) - (-33)/(-88). Suppose -2*j = 5*c - 17, 0 = 4*j - c - 2*c - 73. Calculate the remainder when (5 - 1) + 27 + m/4 is divided by j.
15
Suppose -5*j = -4*p - 173, 222 - 67 = 5*j + 5*p. Suppose 110 + j = q. Suppose -5*i + 3*i + 72 = 0. What is the remainder when q is divided by i?
35
Suppose -787 = 2*i + 3*l - 2867, -4*i + 4180 = -4*l. Let u = i - 723. Suppose 3*m - u + 104 = 0. Calculate the remainder when m is divided by 25.
22
Let o = -6285 - -6488. What is the remainder when o is divided by 83?
37
Let y(u) be the third derivative of 5*u**4/24 - 17*u**3/2 - 2*u**2. Suppose -40*d + 28 = -38*d. Calculate the remainder when y(21) is divided by d.
12
Let v = 25740 + -25262. Calculate the remainder when v is divided by 435.
43
Let b = 346 - 272. Let p = b - -21. Calculate the remainder when 188 is divided by p.
93
Let l = 28306 + -25225. What is the remainder when l is divided by 97?
74
Let z(p) = -74 - 21*p + 18*p - 11*p - 86*p - 13*p. What is the remainder when z(-7) is divided by 36?
33
Let w(b) = 58*b**2. Let d be w(1). Let r = -53 + d. Suppose r*v - k = 160, -5*v + 128 = -v - 5*k. What is the remainder when v is divided by 12?
8
Let t(k) = k**3 + 10*k**2 + 22*k - 2. Let y be t(-5). Suppose y*f - 43 = 113. Calculate the remainder when 66 is divided by f.
6
Let b = 1481 - 1322. What is the remainder when 640 is divided by b?
4
Let j(c) = 2*c + 59. Let n = -27 - -46. Suppose 0 = -n*r + 8*r + 132. Calculate the remainder when j(0) is divided by r.
11
Let w(o) = -o**3 - 19*o**2 + 44*o + 47. Let d be w(-21). Let m = d - -2. Calculate the remainder when 18